hen v(-23) is divided by z.
6
Let w = 553 + -441. What is the remainder when w is divided by 19?
17
Suppose -10*i + 51 = -9. Let r(b) = b**2 - 2*b. What is the remainder when r(5) is divided by i?
3
What is the remainder when 167 is divided by 0/14 + (12 - 0)?
11
Let l = -175 + 188. Calculate the remainder when 77 is divided by l.
12
Let p(y) = 4*y - 55. Let h = 6 + 17. Let u(f) = -f**2 + 6*f + 1. What is the remainder when p(h) is divided by u(3)?
7
Suppose -3*o = -17*o + 1484. Calculate the remainder when o is divided by 37.
32
Let v = -212 - -328. Suppose 0 = l - 5*l + v. Suppose -2*c - 74 = -5*z, 2*z = -2*c - 5 + l. What is the remainder when 41 is divided by z?
13
Let r be (-108)/(-81)*(-3)/2. Calculate the remainder when 68 is divided by 1/(-2)*28/r.
5
Let v(w) = 11*w + 10. Let o(u) = -u**2 + 13*u - 9. Let p be o(12). What is the remainder when 83 is divided by v(p)?
40
Let a = 272 - 142. Suppose -12*f + a = 10. What is the remainder when 48 is divided by f?
8
Let g = 455 - 444. Calculate the remainder when 75 is divided by g.
9
Let l = -53 - -77. Let v be ((-15)/(-9))/(2/(-30)). Let y = 69 - v. Calculate the remainder when y is divided by l.
22
Let n = -1166 + 1176. Calculate the remainder when 449 is divided by n.
9
Let d(h) = 2*h - 26. Let k be d(14). Suppose g = -g - 6, -k*l + 40 = 4*g. Calculate the remainder when 102 is divided by l.
24
Let o = -167 - -220. What is the remainder when 206 is divided by o?
47
Suppose -58 = -4*n + 5*h, 4*h - h - 30 = -3*n. Suppose 18*w = 17*w + 3. What is the remainder when n is divided by w?
0
What is the remainder when (13 - (-16)/5)/((-2)/(-20)) is divided by 41?
39
Let b = 67 + -65. Suppose -b*z = 5*z - 224. Let l = -21 + 33. Calculate the remainder when z is divided by l.
8
Let t(f) = -f**3 + 5*f**2 - 4*f + 5. Let b be t(3). Suppose -b*u = -5*u - 126. What is the remainder when u is divided by 1/(2/20) - -2?
9
Let v(p) = 2*p + 13. Let x be v(-6). Suppose -4*d - x = -37. Suppose 4*f - d = 15. What is the remainder when f is divided by 2?
0
Calculate the remainder when 2 + -2*-4*116/8 is divided by 41.
36
Suppose -2*m + a + 42 = 0, -2*m + 4*a = 3*m - 108. Calculate the remainder when 20 is divided by m.
0
Let f be (-2)/3*3 + 2. Suppose -g = 5*b - 156, f = -b - g - 2*g + 34. Suppose -13 - 13 = -a - 3*v, 3*a = 5*v + 36. What is the remainder when b is divided by a?
14
Let q = -368 - -927. Calculate the remainder when q is divided by 51.
49
Suppose -5*j + 623 = 4*o - 197, 0 = 2*o + j - 410. What is the remainder when o is divided by 68?
1
Let z = 16 + -11. Suppose -1 = -2*u + 65. What is the remainder when u is divided by z?
3
Let i be 135/3*(0 - -1). Suppose i = -11*o + 16*o. Calculate the remainder when 2/9 - 446/(-18) is divided by o.
7
Let x be 546/(-4) + 22/44. Let m = x + 199. What is the remainder when m is divided by 22?
19
Suppose -2*g + 2*c + 5 = c, 3*g - 4 = -2*c. Suppose -g*f + 6*f - 100 = 0. What is the remainder when 91 is divided by f?
16
Let h = 18 + 9. Calculate the remainder when h is divided by 3/((-1)/6*-3).
3
Suppose -3*j = -5*j + 6. Suppose 5*v = -5*u - 29 + 424, -j*u + 241 = 5*v. Calculate the remainder when u is divided by 26.
25
Let o = -865 + 1218. Calculate the remainder when o is divided by 116.
5
Let g = 59 - -65. What is the remainder when g is divided by 65?
59
Let a(k) = -8*k**3 - 5*k**2 - 5*k - 9. Calculate the remainder when a(-4) is divided by 74.
73
Let p(y) = y**2. Let h be p(0). Suppose -4*c + 5*c + 2*b - 4 = 0, 3*b + 15 = h. Calculate the remainder when c is divided by (1 + (2 - -2))/1.
4
Let q = -380 + 402. What is the remainder when 392 is divided by q?
18
Suppose 0 = -d + 19 - 6. Suppose d*u = 9*u + 164. What is the remainder when u is divided by 11?
8
Calculate the remainder when 148 is divided by (45/(-2))/(6/(-8)).
28
Let z be (1 - -2) + (-30)/10. Suppose z = 3*f - 187 + 10. What is the remainder when f is divided by 12?
11
Let w = -510 - -577. What is the remainder when w is divided by 39?
28
Suppose -2*t = 2*o - 18, 5*t + 3*o = -0 + 37. Suppose 266 = t*p + 96. Suppose 0 = -3*n + 36 + 18. What is the remainder when p is divided by n?
16
Let x(n) = 8*n - 7. Let m(v) = 10*v - 8. Let c(p) = -3*m(p) + 4*x(p). What is the remainder when 2/((8/214)/2) is divided by c(13)?
19
Suppose 4*c - 1342 = 246. What is the remainder when c is divided by 19?
17
Suppose 66*v = 55*v + 88. Let a be 1/((-1)/(-39)*1). Let o = -25 + a. What is the remainder when o is divided by v?
6
Let i = -184 - -304. Calculate the remainder when i is divided by 18.
12
Suppose 5*u = u + 32. Calculate the remainder when 7 is divided by (-28)/u*(-1)/((-7)/(-4)).
1
Let h(u) = -17*u - 99. What is the remainder when 311 is divided by h(-12)?
101
Let x be -8*(-3)/6 + 6. Let f = x + -4. Let n(p) = p**2 - 4*p - 10. What is the remainder when n(8) is divided by f?
4
Let s = -24 + 24. Let o = s + 17. What is the remainder when o is divided by 10?
7
Suppose -5*i = -4*z + 234 - 33, 0 = 5*z + 5*i - 240. Suppose 44 = 2*l + 10. What is the remainder when z is divided by l?
15
Suppose -4*x + 3*x - 5*v = 71, v - 41 = x. Let h = x + 49. What is the remainder when h is divided by 1?
0
Suppose 2*j - 4 - 2 = -2*u, -4*u = -8. Suppose n + j = -2*w + 20, 10 = -2*n. Suppose -2*z + 159 - 45 = 0. Calculate the remainder when z is divided by w.
9
Let w be (-15)/2*(-20)/6. Let z be 154/(-12) + -4 - (-1)/(-6). Let o = w + z. What is the remainder when o is divided by 3?
2
What is the remainder when 1 - 396/(8/(-4)) is divided by 40?
39
Let q = -81 + 138. Let i = 20 + -15. Suppose -5*n + 65 = -2*j, -2*n + 6*n = -i*j + 85. What is the remainder when q is divided by n?
12
Let m = 94 - 62. What is the remainder when (-3)/(((-20)/(-252))/(-5)) is divided by m?
29
Suppose -4*m - 5*h + h - 44 = 0, 3*m + 5*h = -41. Let t(p) = p + 8. Let q be t(m). What is the remainder when 25 is divided by 2 + 16 + -4*q?
11
Let t = -559 + 583. Calculate the remainder when 104 is divided by t.
8
Suppose -21*d - 2020 = -445. Suppose -4*u + 25 = -9*u. Calculate the remainder when ((-15)/(-9))/u*d is divided by 14.
11
Let g(x) = x**3 + 6*x**2 - 6*x + 3. Let m be 1/(-2)*-8 + -10. Calculate the remainder when g(m) is divided by 14.
11
Suppose 3*f = -2*j + 479, j - 241 = -0*f - 2*f. Calculate the remainder when j is divided by 34.
31
Suppose 0 = -3*a - v - 188, -a + 6*a = -2*v - 313. Let h = 80 + a. What is the remainder when 62 is divided by h?
11
Let a(s) = -20*s + 390. What is the remainder when 377 is divided by a(19)?
7
Let a(y) = -2*y**2 + 4*y - 2. Let u(f) = f**2 - f. Let g(k) = -a(k) - 3*u(k). Let i be g(3). Calculate the remainder when (-6)/(-5)*(-25)/i is divided by 2.
1
Suppose 3563*d - 3571*d = -40. Let y = 0 + 18. What is the remainder when y is divided by d?
3
Suppose 5*u - 3*a = 67, -u - 3*a + 32 = 3*u. What is the remainder when 211/5 + 6/(-30) is divided by u?
9
Let d(n) = 13*n + 406. Suppose -b = 3*b - 124. Calculate the remainder when b is divided by d(-30).
15
Let f(q) = 2*q**3 + 3*q**2 - 1. Let a be f(-3). Let v = -12 - a. Let z = 510 - 432. What is the remainder when z is divided by v?
14
Suppose y = 4*x - 4*y - 391, 0 = -5*x - 2*y + 464. Calculate the remainder when 3195 is divided by x.
93
Let o(p) = p**3 - 15*p**2 + 13*p + 27. Let c be o(14). Suppose 290 = 18*u - c*u. Calculate the remainder when u is divided by 20.
18
Suppose -86 = -2*l - 28. Calculate the remainder when 115 is divided by l.
28
Suppose -3*f + 236 = f - 4*d, -5*f + 299 = -4*d. Let j = -58 + f. Suppose 8 = 2*u + 5*z, -5*u + 4*z = 3*z - 47. Calculate the remainder when u is divided by j.
4
Let h(q) = q + 1. Let z be h(-5). Let n be 1*((-36)/z + -2). Calculate the remainder when 77 is divided by ((-364)/8)/n*-4.
25
Suppose 0 = -13*y + 914 + 2700. Calculate the remainder when y is divided by 9.
8
Let a(c) = -c**3 + 6*c**2 + 10*c + 13. What is the remainder when 133 is divided by a(7)?
31
Let d = 11 - 3. Let y be (-2)/((d/20)/(-1)). Suppose -y*m = -5*k - 125, 0 = -2*m - 5*k + 12 + 17. Calculate the remainder when m is divided by 12.
10
Suppose -4*p = -5*z + 5, -3*z + 20 = 3*p - 10. Suppose 0 = -z*n - 5*l + 60, 4*n + 0*l + l = 33. What is the remainder when 12 is divided by n?
5
Let u = -1593 - -1693. What is the remainder when u is divided by 35?
30
Calculate the